divide 426346?
False
Is 526405 a multiple of 11?
True
Does 113 divide 3699775?
False
Does 132 divide 63563?
False
Is 9496579 a multiple of 97?
False
Is 3338018 a multiple of 34?
True
Is 53 a factor of 46486?
False
Is 1159 a factor of 1455272?
False
Does 214 divide 96686?
False
Is 251835 a multiple of 15?
True
Does 5 divide 155150?
True
Is 22 a factor of 600105?
False
Is 113759 a multiple of 8?
False
Does 884 divide 75280?
False
Does 60 divide 803880?
True
Is 12 a factor of 12398033?
False
Is 107600 a multiple of 200?
True
Is 34 a factor of 728004?
False
Does 12 divide 717931?
False
Is 646300 a multiple of 100?
True
Is 178332 a multiple of 12?
True
Does 1121 divide 5041839?
False
Is 1919 a factor of 33644511?
False
Is 316 a factor of 1782872?
True
Is 6 a factor of 131999?
False
Is 276 a factor of 2092356?
True
Is 17 a factor of 150416?
True
Is 3325268 a multiple of 55?
False
Is 15 a factor of 3181860?
True
Is 1160 a factor of 3011023?
False
Is 18269262 a multiple of 198?
True
Is 15 a factor of 117122?
False
Is 1126 a factor of 1269466?
False
Is 38 a factor of 1370014?
True
Does 9 divide 3249695?
False
Is 7 a factor of 59037?
False
Is 1574 a factor of 8017094?
False
Does 53 divide 326835?
False
Is 836340 a multiple of 15?
True
Does 617 divide 26531?
True
Is 74 a factor of 167148?
False
Is 436540 a multiple of 260?
True
Does 657 divide 1103618?
False
Is 172732 a multiple of 130?
False
Does 199 divide 50013?
False
Is 2289628 a multiple of 34?
True
Is 27 a factor of 965578?
False
Is 135 a factor of 1349361?
False
Is 67 a factor of 2007119?
True
Does 6 divide 576?
True
Is 2176465 a multiple of 13?
False
Is 125581 a multiple of 31?
True
Does 17 divide 1340707?
False
Is 5169347 a multiple of 286?
False
Is 689 a factor of 151580?
True
Is 25 a factor of 256075?
True
Is 154 a factor of 486549?
False
Does 7 divide 240522?
False
Is 641869 a multiple of 132?
False
Is 630 a factor of 3957030?
True
Is 37 a factor of 473272?
False
Is 269989 a multiple of 203?
False
Is 497 a factor of 4003335?
True
Does 37 divide 48914?
True
Is 217 a factor of 159394?
False
Is 1844964 a multiple of 297?
True
Is 20 a factor of 12371?
False
Is 11444846 a multiple of 29?
False
Does 26 divide 12015178?
False
Does 13 divide 311779?
True
Is 19000 a multiple of 3?
False
Is 344575 a multiple of 175?
True
Is 4921587 a multiple of 657?
True
Is 10 a factor of 291014?
False
Does 129 divide 575921?
False
Is 579 a factor of 6781827?
True
Is 897628 a multiple of 2?
True
Does 163 divide 1206873?
False
Is 104 a factor of 423235?
False
Is 72797 a multiple of 107?
False
Does 37 divide 373363?
False
Is 552 a factor of 1389936?
True
Is 53 a factor of 3269729?
True
Is 31 a factor of 3561931?
True
Is 205 a factor of 8820195?
False
Is 189428 a multiple of 643?
False
Is 8 a factor of 17136?
True
Does 74 divide 82066?
True
Is 16 a factor of 135888?
True
Is 3978785 a multiple of 47?
True
Does 523 divide 7132151?
True
Does 35 divide 732540?
False
Does 34 divide 6177?
False
Does 10 divide 289091?
False
Is 14 a factor of 272430?
False
Does 7 divide 66492?
False
Does 44 divide 6457792?
True
Is 46 a factor of 873387?
False
Is 580 a multiple of 10?
True
Does 12 divide 171357?
False
Does 1082 divide 27840942?
True
Does 24 divide 133776?
True
Does 280 divide 122886?
False
Is 92 a factor of 715438?
False
Is 896017 a multiple of 471?
False
Is 414 a factor of 1441962?
True
Is 170583 a multiple of 667?
False
Is 3 a factor of 48415?
False
Is 7442904 a multiple of 250?
False
Is 9 a factor of 264594?
False
Is 531606 a multiple of 334?
False
Is 651 a factor of 1218021?
True
Is 476 a factor of 2994040?
True
Does 364 divide 140140?
True
Does 23 divide 219540?
False
Does 14 divide 204747?
False
Is 12 a factor of 100320?
True
Does 11 divide 415629?
False
Is 10 a factor of 158210?
True
Is 2584157 a multiple of 72?
False
Does 10 divide 1637444?
False
Is 19224 a multiple of 24?
True
Is 215466 a multiple of 49?
False
Is 160 a factor of 220000?
True
Does 200 divide 5192610?
False
Is 24 a factor of 354?
False
Is 128 a factor of 963584?
True
Does 17 divide 5424938?
True
Is 77 a factor of 33572?
True
Does 67 divide 149992?
False
Is 58 a factor of 40426?
True
Is 1122324 a multiple of 21?
True
Is 8391488 a multiple of 28?
True
Is 195477 a multiple of 94?
False
Is 71595 a multiple of 37?
True
Does 7 divide 116841?
False
Does 21 divide 4878426?
True
Does 295 divide 663750?
True
Is 11392302 a multiple of 118?
False
Is 187795 a multiple of 23?
True
Is 1510425 a multiple of 137?
True
Is 6006 a multiple of 21?
True
Is 387804 a multiple of 34?
True
Is 725 a factor of 1120207?
False
Is 20930 a multiple of 26?
True
Is 15316074 a multiple of 302?
False
Is 873 a factor of 4331826?
True
Is 15556 even?
True
Is 5 a factor of 835190?
True
Is 15 a factor of 1350045?
True
Is 131334 a multiple of 14?
True
Is 166829 a multiple of 6?
False
Is 38 a factor of 396670?
False
Does 311 divide 325778?
False
Is 11 a factor of 111771?
True
Does 15 divide 276443?
False
Does 14 divide 206580?
False
Does 36 divide 1493100?
True
Is 182 a factor of 1911182?
True
Is 28 a factor of 884194?
False
Is 35 a factor of 7991445?
True
Does 32 divide 364761?
False
Does 61 divide 14691000?
False
Does 31 divide 1128883?
False
Is 39 a factor of 14307?
False
Is 9 a factor of 1942579?
False
Is 538519 a multiple of 220?
False
Is 17 a factor of 1752324?
False
Does 33 divide 2263?
False
Does 33 divide 10084970?
False
Does 136 divide 4428296?
True
Is 213779 a multiple of 6?
False
Is 16093 a multiple of 7?
True
Does 165 divide 11172810?
True
Does 9 divide 52839?
True
Is 318828 a multiple of 151?
False
Does 65 divide 210702?
False
Is 354069 a multiple of 9?
True
Does 76 divide 1016956?
True
Is 18 a factor of 1633286?
False
Is 22 a factor of 1175438?
True
Is 105 a factor of 575730?
False
Does 153 divide 57813?
False
Is 6447 a multiple of 78?
False
Is 104 a factor of 233221?
False
Is 1276 a factor of 3696180?
False
Is 82727 a multiple of 2?
False
Is 202958 a multiple of 109?
True
Is 7929432 a multiple of 24?
True
Does 109 divide 175926?
True
Is 21 a factor of 217035?
True
Is 241 a factor of 204127?
True
Is 46420 a multiple of 249?
False
Does 13 divide 163527?
True
Is 109 a factor of 3039655?
False
Does 59 divide 2171983?
False
Does 1244 divide 2434508?
True
Is 55 a factor of 21230?
True
Is 22 a factor of 228514?
True
Is 44 a factor of 1323?
False
Does 12 divide 1360104?
True
Does 348 divide 42809?
False
Is 10267 a multiple of 2?
False
Is 369331 a multiple of 104?
False
Does 8 divide 365163?
False
Does 28 divide 869796?
False
Is 18 a factor of 16289550?
True
Is 272946 a multiple of 14?
False
Does 631 divide 502276?
True
Is 13388 a multiple of 3?
False
Is 8 a factor of 5681392?
True
Is 30 a factor of 1062209?
False
Is 13 a factor of 186602?
True
Is 5618947 a multiple of 249?
False
Is 11 a factor of 13350?
False
Is 114108 a multiple of 16?
False
Does 103 divide 295713?
True
Is 14865325 a multiple of 46?
False
Is 2393741 a multiple of 7?
True
Does 101 divide 16705448?
False
Does 4 divide 26352?
True
Does 211 divide 2828864?
False
Does 370 divide 5922590?
True
Is 5169805 a multiple of 450?
False
Is 290558 a multiple of 131?
True
Is 69 a factor of 4576149?
True
Is 319794 a multiple of 499?
False
Does 12 divide 79536?
True
Is 34 a factor of 249100?
False
Is 8815539 a multiple of 86?
False
Is 20 a factor of 1226907?
False
Is 32 a factor of 100032?
True
Is 1050443 a multiple of 206?
False
Is 75 a factor of 24796803?
False
Does 112 divide 1682079?
False
Does 245 divide 3001740?
True
Is 27 a factor of 486?
True
Does 210 divide 263797?
False
Is 79 a factor of 18086?
False
Is 515 a factor of 700400?
True
Does 272 divide 156944?
True
Is 218 a factor of 6150434?
True
Does 5 divide 215275?
True
Is 80 a factor of 517440?
True
Is 1868248 a multiple of 51?
False
Does 244 divide 412920?
False
Does 13 divide 73333?
True
Is 106904 a multiple of 322?
True
Is 19 a factor of 1264058?
False
Is 496 a factor of 493179?
False
Is 886831 a multiple of 808?
False
Does 2 divide 994?
True
Is 498427 a multiple of 99?
False
Is 3080243 a multiple of 143?
False
Is 2804830 a multiple of 1190?
True
Is 371 a factor of 936033?
True
Is 103982 a multiple of 109?
False
Does 77 divide 9223445?
True
Does 4 divide 7945?
False
Does 1